{"id":2189,"date":"2016-08-23T07:38:28","date_gmt":"2016-08-23T10:38:28","guid":{"rendered":"http:\/\/www.valormais.com.br\/?page_id=2189"},"modified":"2025-11-17T12:07:45","modified_gmt":"2025-11-17T15:07:45","slug":"inbound","status":"publish","type":"page","link":"https:\/\/www.valormais.com.br\/blog\/inbound\/","title":{"rendered":"Inbound"},"content":{"rendered":"\n<div class=\"wpcf7 no-js\" id=\"wpcf7-f2186-o1\" lang=\"pt-BR\" dir=\"ltr\" data-wpcf7-id=\"2186\">\n<div class=\"screen-reader-response\"><p role=\"status\" aria-live=\"polite\" aria-atomic=\"true\"><\/p> <ul><\/ul><\/div>\n<form action=\"\/blog\/wp-json\/wp\/v2\/pages\/2189#wpcf7-f2186-o1\" method=\"post\" class=\"wpcf7-form init\" aria-label=\"Formul\u00e1rios de contato\" enctype=\"multipart\/form-data\" novalidate=\"novalidate\" data-status=\"init\">\n<fieldset class=\"hidden-fields-container\"><input type=\"hidden\" name=\"_wpcf7\" value=\"2186\" \/><input type=\"hidden\" name=\"_wpcf7_version\" value=\"6.1.5\" \/><input type=\"hidden\" name=\"_wpcf7_locale\" value=\"pt_BR\" \/><input type=\"hidden\" name=\"_wpcf7_unit_tag\" value=\"wpcf7-f2186-o1\" \/><input type=\"hidden\" name=\"_wpcf7_container_post\" value=\"0\" \/><input type=\"hidden\" name=\"_wpcf7_posted_data_hash\" value=\"\" \/><input type=\"hidden\" name=\"_wpcf7dtx_version\" value=\"5.0.5\" \/>\n<\/fieldset>\n<p><input type=\"hidden\" name=\"your-subject\" value=\"INBOUND\" \/>\n<\/p>\n<p>Qual o seu nome (obrigat\u00f3rio) *\n<\/p>\n<p><span class=\"wpcf7-form-control-wrap\" data-name=\"your-name\"><input size=\"40\" maxlength=\"400\" class=\"wpcf7-form-control wpcf7-text wpcf7-validates-as-required\" aria-required=\"true\" aria-invalid=\"false\" value=\"\" type=\"text\" name=\"your-name\" \/><\/span>\n<\/p>\n<p>Qual o nome do seu estabelecimento? *\n<\/p>\n<p><span class=\"wpcf7-form-control-wrap\" data-name=\"Estabelecimento\"><input size=\"40\" maxlength=\"400\" class=\"wpcf7-form-control wpcf7-text wpcf7-validates-as-required\" aria-required=\"true\" aria-invalid=\"false\" value=\"\" type=\"text\" name=\"Estabelecimento\" \/><\/span>\n<\/p>\n<p>Informe o seu melhor e-mail, aquele que efetivamente voc\u00ea abre sempre *\n<\/p>\n<p><span class=\"wpcf7-form-control-wrap\" data-name=\"your-email\"><input size=\"40\" maxlength=\"400\" class=\"wpcf7-form-control wpcf7-email wpcf7-validates-as-required wpcf7-text wpcf7-validates-as-email\" aria-required=\"true\" aria-invalid=\"false\" value=\"\" type=\"email\" name=\"your-email\" \/><\/span>\n<\/p>\n<p>Telefone *\n<\/p>\n<p><span class=\"wpcf7-form-control-wrap\" data-name=\"tel-530\"><input size=\"40\" maxlength=\"400\" class=\"wpcf7-form-control wpcf7-tel wpcf7-validates-as-required wpcf7-text wpcf7-validates-as-tel\" aria-required=\"true\" aria-invalid=\"false\" value=\"\" type=\"tel\" name=\"tel-530\" \/><\/span>\n<\/p>\n<p>Informe o endere\u00e7o completo, N\u00ba, Bairro, Cidade, Estado *\n<\/p>\n<p><span class=\"wpcf7-form-control-wrap\" data-name=\"text-762\"><input size=\"40\" maxlength=\"400\" class=\"wpcf7-form-control wpcf7-text wpcf7-validates-as-required\" aria-required=\"true\" aria-invalid=\"false\" value=\"\" type=\"text\" name=\"text-762\" \/><\/span>\n<\/p>\n<p>Informe o termo de busca *\n<\/p>\n<p><span class=\"wpcf7-form-control-wrap\" data-name=\"termobusca\"><input size=\"40\" maxlength=\"400\" class=\"wpcf7-form-control wpcf7-text wpcf7-validates-as-required\" aria-required=\"true\" aria-invalid=\"false\" value=\"\" type=\"text\" name=\"termobusca\" \/><\/span>\n<\/p>\n<p>1) Qual regi\u00e3o voc\u00ea pretende atender? lembre-se: Comece pelo micro, para chegar ao macro. Para grandes regi\u00f5es, as buscas s\u00e3o feitas por bairro, ent\u00e3o informa o seu bairro foco.\n<\/p>\n<p><span class=\"wpcf7-form-control-wrap\" data-name=\"textarea-627\"><textarea cols=\"40\" rows=\"2\" maxlength=\"2000\" class=\"wpcf7-form-control wpcf7-textarea wpcf7-validates-as-required\" aria-required=\"true\" aria-invalid=\"false\" name=\"textarea-627\"><\/textarea><\/span>\n<\/p>\n<p>2) Quais outros bairros voc\u00ea pode atender?\n<\/p>\n<p><span class=\"wpcf7-form-control-wrap\" data-name=\"textarea-229\"><textarea cols=\"40\" rows=\"2\" maxlength=\"2000\" class=\"wpcf7-form-control wpcf7-textarea wpcf7-validates-as-required\" aria-required=\"true\" aria-invalid=\"false\" name=\"textarea-229\"><\/textarea><\/span>\n<\/p>\n<p>3) O que voc\u00ea vende?.\n<\/p>\n<p><span class=\"wpcf7-form-control-wrap\" data-name=\"textarea-659\"><textarea cols=\"40\" rows=\"2\" maxlength=\"2000\" class=\"wpcf7-form-control wpcf7-textarea wpcf7-validates-as-required\" aria-required=\"true\" aria-invalid=\"false\" name=\"textarea-659\"><\/textarea><\/span>\n<\/p>\n<p>4) Pense nas principais d\u00favidas que as pessoas tem quando est\u00e3o pensando em consumir o seu produto ou servi\u00e7o, e cite aqui as principais perguntas e as respostas.\n<\/p>\n<p><span class=\"wpcf7-form-control-wrap\" data-name=\"textarea-759\"><textarea cols=\"40\" rows=\"2\" maxlength=\"2000\" class=\"wpcf7-form-control wpcf7-textarea wpcf7-validates-as-required\" aria-required=\"true\" aria-invalid=\"false\" name=\"textarea-759\"><\/textarea><\/span>\n<\/p>\n<p>5) Caso seu produto ou servi\u00e7o ainda n\u00e3o seja conhecido, diga para que ele serve, quais as vantagens em rela\u00e7\u00e3o aos produtos tradicionais, que tipo de ajuda ele pode oferecer as pessoas.\n<\/p>\n<p><span class=\"wpcf7-form-control-wrap\" data-name=\"textarea-554\"><textarea cols=\"40\" rows=\"2\" maxlength=\"2000\" class=\"wpcf7-form-control wpcf7-textarea wpcf7-validates-as-required\" aria-required=\"true\" aria-invalid=\"false\" name=\"textarea-554\"><\/textarea><\/span>\n<\/p>\n<p>6) Se voc\u00ea tem um neg\u00f3cio f\u00edsico, informe o seu hor\u00e1rio de atendimento.\n<\/p>\n<p><span class=\"wpcf7-form-control-wrap\" data-name=\"textarea-485\"><textarea cols=\"40\" rows=\"2\" maxlength=\"2000\" class=\"wpcf7-form-control wpcf7-textarea wpcf7-validates-as-required\" aria-required=\"true\" aria-invalid=\"false\" name=\"textarea-485\"><\/textarea><\/span>\n<\/p>\n<p>7) Se voc\u00ea tem um neg\u00f3cio f\u00edsico, fale um pouco sobre suas instala\u00e7\u00f5es. Diga como chegar, pontos de refer\u00eancia, sua estrutura. Enfim, tudo que acredita ser um diferencial.\n<\/p>\n<p><span class=\"wpcf7-form-control-wrap\" data-name=\"textarea-682\"><textarea cols=\"40\" rows=\"2\" maxlength=\"2000\" class=\"wpcf7-form-control wpcf7-textarea wpcf7-validates-as-required\" aria-required=\"true\" aria-invalid=\"false\" name=\"textarea-682\"><\/textarea><\/span>\n<\/p>\n<p>8) Quais as pessoas que normalmente consomem seu produto ou servi\u00e7o?\n<\/p>\n<p><span class=\"wpcf7-form-control-wrap\" data-name=\"textarea-818\"><textarea cols=\"40\" rows=\"2\" maxlength=\"2000\" class=\"wpcf7-form-control wpcf7-textarea wpcf7-validates-as-required\" aria-required=\"true\" aria-invalid=\"false\" name=\"textarea-818\"><\/textarea><\/span>\n<\/p>\n<p>9) Voc\u00ea pode dar algum tipo de desconto para quem disser que te encontrou atrav\u00e9s das nossas ferramentas? Se sim, que tipo? Pode ser algum brinde tamb\u00e9m.\n<\/p>\n<p><span class=\"wpcf7-form-control-wrap\" data-name=\"textarea-371\"><textarea cols=\"40\" rows=\"2\" maxlength=\"2000\" class=\"wpcf7-form-control wpcf7-textarea wpcf7-validates-as-required\" aria-required=\"true\" aria-invalid=\"false\" name=\"textarea-371\"><\/textarea><\/span>\n<\/p>\n<p>10) Se coloque no lugar do seu cliente, e nos conte: Porque ele deve escolher voc\u00ea ao inv\u00e9s do seu concorrente. N\u00e3o \u00e9 para falar mal de ningu\u00e9m, mas para contar o que voc\u00ea tem a mais.\n<\/p>\n<p><span class=\"wpcf7-form-control-wrap\" data-name=\"textarea-626\"><textarea cols=\"40\" rows=\"2\" maxlength=\"2000\" class=\"wpcf7-form-control wpcf7-textarea wpcf7-validates-as-required\" aria-required=\"true\" aria-invalid=\"false\" name=\"textarea-626\"><\/textarea><\/span>\n<\/p>\n<p>11) As pessoas costumam pensar bem antes de consumir algo: Quais os principais cuidados que esta pessoa deve ter na hora de escolher onde comprar ou de quem consumir o servi\u00e7o que voc\u00ea oferece.\n<\/p>\n<p><span class=\"wpcf7-form-control-wrap\" data-name=\"textarea-963\"><textarea cols=\"40\" rows=\"2\" maxlength=\"2000\" class=\"wpcf7-form-control wpcf7-textarea wpcf7-validates-as-required\" aria-required=\"true\" aria-invalid=\"false\" name=\"textarea-963\"><\/textarea><\/span>\n<\/p>\n<p>12) Se voc\u00ea tem site, informe aqui.\n<\/p>\n<p><span class=\"wpcf7-form-control-wrap\" data-name=\"textarea-90\"><textarea cols=\"40\" rows=\"2\" maxlength=\"2000\" class=\"wpcf7-form-control wpcf7-textarea wpcf7-validates-as-required\" aria-required=\"true\" aria-invalid=\"false\" name=\"textarea-90\"><\/textarea><\/span>\n<\/p>\n<p>13) Diga-nos quais s\u00e3o as suas redes sociais. Informe os links, por favor.\n<\/p>\n<p><span class=\"wpcf7-form-control-wrap\" data-name=\"textarea-444\"><textarea cols=\"40\" rows=\"2\" maxlength=\"2000\" class=\"wpcf7-form-control wpcf7-textarea wpcf7-validates-as-required\" aria-required=\"true\" aria-invalid=\"false\" name=\"textarea-444\"><\/textarea><\/span>\n<\/p>\n<p>Envie um arquivo (m\u00e1ximo de 3mb por arquivo)\n<\/p>\n<p><span class=\"wpcf7-form-control-wrap\" data-name=\"file-314\"><input size=\"40\" class=\"wpcf7-form-control wpcf7-file\" accept=\".jpg,.png,.gif,.psd,.pdf\" aria-invalid=\"false\" type=\"file\" name=\"file-314\" \/><\/span>\n<\/p>\n<p>Obs:\n<\/p>\n<p><span class=\"wpcf7-form-control-wrap\" data-name=\"your-message\"><textarea cols=\"40\" rows=\"10\" maxlength=\"2000\" class=\"wpcf7-form-control wpcf7-textarea\" aria-invalid=\"false\" name=\"your-message\"><\/textarea><\/span>\n<\/p>\n<p><input class=\"wpcf7-form-control wpcf7-submit has-spinner\" type=\"submit\" value=\"Enviar\" \/>\n<\/p><div class=\"wpcf7-response-output\" aria-hidden=\"true\"><\/div>\n<\/form>\n<\/div>\n\n<!-- AddThis Advanced Settings generic via filter on the_content --><!-- AddThis Share Buttons generic via filter on the_content -->","protected":false},"excerpt":{"rendered":"<p><!-- AddThis Advanced Settings generic via filter on wp_trim_excerpt --><!-- AddThis Share Buttons generic via filter on wp_trim_excerpt --><\/p>\n","protected":false},"author":3,"featured_media":0,"parent":0,"menu_order":0,"comment_status":"closed","ping_status":"closed","template":"","meta":{"_et_pb_use_builder":"","_et_pb_old_content":"","_et_gb_content_width":"","footnotes":""},"class_list":["post-2189","page","type-page","status-publish","hentry"],"yoast_head":"<!-- This site is optimized with the Yoast SEO Premium plugin v25.7.1 (Yoast SEO v27.5) - https:\/\/yoast.com\/product\/yoast-seo-premium-wordpress\/ -->\n<title>Inbound - VALORMAIS<\/title>\n<meta name=\"robots\" content=\"index, follow, max-snippet:-1, max-image-preview:large, max-video-preview:-1\" \/>\n<link rel=\"canonical\" href=\"https:\/\/www.valormais.com.br\/blog\/inbound\/\" \/>\n<meta property=\"og:locale\" content=\"pt_BR\" \/>\n<meta property=\"og:type\" content=\"article\" \/>\n<meta property=\"og:title\" content=\"Inbound\" \/>\n<meta property=\"og:url\" content=\"https:\/\/www.valormais.com.br\/blog\/inbound\/\" \/>\n<meta property=\"og:site_name\" content=\"VALORMAIS\" \/>\n<meta property=\"article:publisher\" content=\"https:\/\/www.facebook.com\/ValorMais\" \/>\n<meta property=\"article:modified_time\" content=\"2025-11-17T15:07:45+00:00\" \/>\n<meta property=\"og:image\" content=\"https:\/\/www.valormais.com.br\/blog\/wp-content\/uploads\/2013\/10\/logo.png\" \/>\n\t<meta property=\"og:image:width\" content=\"175\" \/>\n\t<meta property=\"og:image:height\" content=\"77\" \/>\n\t<meta property=\"og:image:type\" content=\"image\/png\" \/>\n<meta name=\"twitter:card\" content=\"summary_large_image\" \/>\n<meta name=\"twitter:site\" content=\"@valormais\" \/>\n<meta name=\"twitter:label1\" content=\"Est. tempo de leitura\" \/>\n\t<meta name=\"twitter:data1\" content=\"1 minuto\" \/>\n<script type=\"application\/ld+json\" class=\"yoast-schema-graph\">{\"@context\":\"https:\\\/\\\/schema.org\",\"@graph\":[{\"@type\":\"WebPage\",\"@id\":\"https:\\\/\\\/www.valormais.com.br\\\/blog\\\/inbound\\\/\",\"url\":\"https:\\\/\\\/www.valormais.com.br\\\/blog\\\/inbound\\\/\",\"name\":\"Inbound - VALORMAIS\",\"isPartOf\":{\"@id\":\"https:\\\/\\\/www.valormais.com.br\\\/blog\\\/#website\"},\"datePublished\":\"2016-08-23T10:38:28+00:00\",\"dateModified\":\"2025-11-17T15:07:45+00:00\",\"breadcrumb\":{\"@id\":\"https:\\\/\\\/www.valormais.com.br\\\/blog\\\/inbound\\\/#breadcrumb\"},\"inLanguage\":\"pt-BR\",\"potentialAction\":[{\"@type\":\"ReadAction\",\"target\":[\"https:\\\/\\\/www.valormais.com.br\\\/blog\\\/inbound\\\/\"]}]},{\"@type\":\"BreadcrumbList\",\"@id\":\"https:\\\/\\\/www.valormais.com.br\\\/blog\\\/inbound\\\/#breadcrumb\",\"itemListElement\":[{\"@type\":\"ListItem\",\"position\":1,\"name\":\"In\u00edcio\",\"item\":\"https:\\\/\\\/www.valormais.com.br\\\/blog\\\/\"},{\"@type\":\"ListItem\",\"position\":2,\"name\":\"Inbound\"}]},{\"@type\":\"WebSite\",\"@id\":\"https:\\\/\\\/www.valormais.com.br\\\/blog\\\/#website\",\"url\":\"https:\\\/\\\/www.valormais.com.br\\\/blog\\\/\",\"name\":\"VALORMAIS\",\"description\":\"Solu\u00e7\u00f5es Digitais Inovadoras\",\"potentialAction\":[{\"@type\":\"SearchAction\",\"target\":{\"@type\":\"EntryPoint\",\"urlTemplate\":\"https:\\\/\\\/www.valormais.com.br\\\/blog\\\/?s={search_term_string}\"},\"query-input\":{\"@type\":\"PropertyValueSpecification\",\"valueRequired\":true,\"valueName\":\"search_term_string\"}}],\"inLanguage\":\"pt-BR\"}]}<\/script>\n<!-- \/ Yoast SEO Premium plugin. -->","yoast_head_json":{"title":"Inbound - VALORMAIS","robots":{"index":"index","follow":"follow","max-snippet":"max-snippet:-1","max-image-preview":"max-image-preview:large","max-video-preview":"max-video-preview:-1"},"canonical":"https:\/\/www.valormais.com.br\/blog\/inbound\/","og_locale":"pt_BR","og_type":"article","og_title":"Inbound","og_url":"https:\/\/www.valormais.com.br\/blog\/inbound\/","og_site_name":"VALORMAIS","article_publisher":"https:\/\/www.facebook.com\/ValorMais","article_modified_time":"2025-11-17T15:07:45+00:00","og_image":[{"width":175,"height":77,"url":"https:\/\/www.valormais.com.br\/blog\/wp-content\/uploads\/2013\/10\/logo.png","type":"image\/png"}],"twitter_card":"summary_large_image","twitter_site":"@valormais","twitter_misc":{"Est. tempo de leitura":"1 minuto"},"schema":{"@context":"https:\/\/schema.org","@graph":[{"@type":"WebPage","@id":"https:\/\/www.valormais.com.br\/blog\/inbound\/","url":"https:\/\/www.valormais.com.br\/blog\/inbound\/","name":"Inbound - VALORMAIS","isPartOf":{"@id":"https:\/\/www.valormais.com.br\/blog\/#website"},"datePublished":"2016-08-23T10:38:28+00:00","dateModified":"2025-11-17T15:07:45+00:00","breadcrumb":{"@id":"https:\/\/www.valormais.com.br\/blog\/inbound\/#breadcrumb"},"inLanguage":"pt-BR","potentialAction":[{"@type":"ReadAction","target":["https:\/\/www.valormais.com.br\/blog\/inbound\/"]}]},{"@type":"BreadcrumbList","@id":"https:\/\/www.valormais.com.br\/blog\/inbound\/#breadcrumb","itemListElement":[{"@type":"ListItem","position":1,"name":"In\u00edcio","item":"https:\/\/www.valormais.com.br\/blog\/"},{"@type":"ListItem","position":2,"name":"Inbound"}]},{"@type":"WebSite","@id":"https:\/\/www.valormais.com.br\/blog\/#website","url":"https:\/\/www.valormais.com.br\/blog\/","name":"VALORMAIS","description":"Solu\u00e7\u00f5es Digitais Inovadoras","potentialAction":[{"@type":"SearchAction","target":{"@type":"EntryPoint","urlTemplate":"https:\/\/www.valormais.com.br\/blog\/?s={search_term_string}"},"query-input":{"@type":"PropertyValueSpecification","valueRequired":true,"valueName":"search_term_string"}}],"inLanguage":"pt-BR"}]}},"_links":{"self":[{"href":"https:\/\/www.valormais.com.br\/blog\/wp-json\/wp\/v2\/pages\/2189","targetHints":{"allow":["GET"]}}],"collection":[{"href":"https:\/\/www.valormais.com.br\/blog\/wp-json\/wp\/v2\/pages"}],"about":[{"href":"https:\/\/www.valormais.com.br\/blog\/wp-json\/wp\/v2\/types\/page"}],"author":[{"embeddable":true,"href":"https:\/\/www.valormais.com.br\/blog\/wp-json\/wp\/v2\/users\/3"}],"replies":[{"embeddable":true,"href":"https:\/\/www.valormais.com.br\/blog\/wp-json\/wp\/v2\/comments?post=2189"}],"version-history":[{"count":0,"href":"https:\/\/www.valormais.com.br\/blog\/wp-json\/wp\/v2\/pages\/2189\/revisions"}],"wp:attachment":[{"href":"https:\/\/www.valormais.com.br\/blog\/wp-json\/wp\/v2\/media?parent=2189"}],"curies":[{"name":"wp","href":"https:\/\/api.w.org\/{rel}","templated":true}]}}