{"id":2,"date":"2013-10-11T13:31:46","date_gmt":"2013-10-11T16:31:46","guid":{"rendered":"http:\/\/valormais.com.br\/wp\/?page_id=2"},"modified":"2025-11-17T15:15:16","modified_gmt":"2025-11-17T18:15:16","slug":"home","status":"publish","type":"page","link":"https:\/\/www.valormais.com.br\/blog\/","title":{"rendered":"Home"},"content":{"rendered":"<p>[et_pb_section fb_built=&#8221;1&#8243; fullwidth=&#8221;on&#8221; _builder_version=&#8221;4.22.2&#8243; hover_enabled=&#8221;0&#8243; global_colors_info=&#8221;{}&#8221; width=&#8221;80%&#8221; module_alignment=&#8221;center&#8221; sticky_enabled=&#8221;0&#8243;][et_pb_fullwidth_post_slider posts_number=&#8221;4&#8243; orderby=&#8221;rand&#8221; more_text=&#8221;Continue lendo&#8230;&#8221; excerpt_length=&#8221;120&#8243; _builder_version=&#8221;4.16&#8243; background_color=&#8221;#2ea3f2&#8243; box_shadow_style=&#8221;preset6&#8243; box_shadow_blur=&#8221;10px&#8221; box_shadow_color=&#8221;rgba(0,0,0,0.1)&#8221; global_colors_info=&#8221;{}&#8221; button_text_size__hover_enabled=&#8221;off&#8221; button_one_text_size__hover_enabled=&#8221;off&#8221; button_two_text_size__hover_enabled=&#8221;off&#8221; button_text_color__hover_enabled=&#8221;off&#8221; button_one_text_color__hover_enabled=&#8221;off&#8221; button_two_text_color__hover_enabled=&#8221;off&#8221; button_border_width__hover_enabled=&#8221;off&#8221; button_one_border_width__hover_enabled=&#8221;off&#8221; button_two_border_width__hover_enabled=&#8221;off&#8221; button_border_color__hover_enabled=&#8221;off&#8221; button_one_border_color__hover_enabled=&#8221;off&#8221; button_two_border_color__hover_enabled=&#8221;off&#8221; button_border_radius__hover_enabled=&#8221;off&#8221; button_one_border_radius__hover_enabled=&#8221;off&#8221; button_two_border_radius__hover_enabled=&#8221;off&#8221; button_letter_spacing__hover_enabled=&#8221;off&#8221; button_one_letter_spacing__hover_enabled=&#8221;off&#8221; button_two_letter_spacing__hover_enabled=&#8221;off&#8221; button_bg_color__hover_enabled=&#8221;off&#8221; button_one_bg_color__hover_enabled=&#8221;off&#8221; button_two_bg_color__hover_enabled=&#8221;off&#8221;][\/et_pb_fullwidth_post_slider][\/et_pb_section][et_pb_section fb_built=&#8221;1&#8243; _builder_version=&#8221;4.16&#8243; global_colors_info=&#8221;{}&#8221;][et_pb_row _builder_version=&#8221;4.16&#8243; background_size=&#8221;initial&#8221; background_position=&#8221;top_left&#8221; background_repeat=&#8221;repeat&#8221; global_colors_info=&#8221;{}&#8221;][et_pb_column type=&#8221;4_4&#8243; _builder_version=&#8221;4.16&#8243; custom_padding=&#8221;|||&#8221; global_colors_info=&#8221;{}&#8221; custom_padding__hover=&#8221;|||&#8221;][et_pb_blog fullwidth=&#8221;off&#8221; posts_number=&#8221;6&#8243; meta_date=&#8221;j-M-Y&#8221; show_date=&#8221;off&#8221; use_overlay=&#8221;on&#8221; hover_overlay_color=&#8221;rgba(0,0,0,0.47)&#8221; _builder_version=&#8221;4.16&#8243; header_font=&#8221;||||||||&#8221; header_text_align=&#8221;left&#8221; header_font_size=&#8221;19px&#8221; body_font=&#8221;||||||||&#8221; body_font_size=&#8221;15px&#8221; body_line_height=&#8221;1em&#8221; meta_font=&#8221;||||||||&#8221; meta_font_size=&#8221;11px&#8221; meta_line_height=&#8221;1.4em&#8221; pagination_font=&#8221;|||on|||||&#8221; pagination_font_size_tablet=&#8221;51&#8243; pagination_line_height_tablet=&#8221;2&#8243; global_colors_info=&#8221;{}&#8221;][\/et_pb_blog][\/et_pb_column][\/et_pb_row][\/et_pb_section]<\/p>\n<!-- AddThis Advanced Settings generic via filter on the_content --><!-- AddThis Share Buttons generic via filter on the_content -->","protected":false},"excerpt":{"rendered":"<p><!-- AddThis Advanced Settings generic via filter on the_excerpt --><!-- AddThis Share Buttons generic via filter on the_excerpt --><\/p>\n","protected":false},"author":1,"featured_media":0,"parent":0,"menu_order":0,"comment_status":"closed","ping_status":"closed","template":"","meta":{"_et_pb_use_builder":"on","_et_pb_old_content":"","_et_gb_content_width":"","footnotes":""},"class_list":["post-2","page","type-page","status-publish","hentry"],"yoast_head":"<!-- This site is optimized with the Yoast SEO Premium plugin v25.7.1 (Yoast SEO v27.6) - https:\/\/yoast.com\/product\/yoast-seo-premium-wordpress\/ -->\n<title>Cria\u00e7\u00e3o de Sites e Solu\u00e7\u00f5es Online para sua Empresa<\/title>\n<meta name=\"description\" content=\"Cria\u00e7\u00e3o de Sites e Solu\u00e7\u00f5es Online para sua Empresa. Crie seu site e mantenha sua empresa conectada solu\u00e7\u00e3o j\u00e1 utilizada por muitos especialistas do mercado\" \/>\n<meta name=\"robots\" content=\"index, follow, max-snippet:-1, max-image-preview:large, max-video-preview:-1\" \/>\n<link rel=\"canonical\" href=\"https:\/\/www.valormais.com.br\/blog\/\" \/>\n<meta property=\"og:locale\" content=\"pt_BR\" \/>\n<meta property=\"og:type\" content=\"article\" \/>\n<meta property=\"og:title\" content=\"Home\" \/>\n<meta property=\"og:description\" content=\"Cria\u00e7\u00e3o de Sites e Solu\u00e7\u00f5es Online para sua Empresa. Crie seu site e mantenha sua empresa conectada solu\u00e7\u00e3o j\u00e1 utilizada por muitos especialistas do mercado\" \/>\n<meta property=\"og:url\" content=\"https:\/\/www.valormais.com.br\/blog\/\" \/>\n<meta property=\"og:site_name\" content=\"VALORMAIS\" \/>\n<meta property=\"article:publisher\" content=\"https:\/\/www.facebook.com\/ValorMais\" \/>\n<meta property=\"article:modified_time\" content=\"2025-11-17T18:15:16+00:00\" \/>\n<meta property=\"og:image\" content=\"https:\/\/www.valormais.com.br\/blog\/wp-content\/uploads\/2013\/10\/logo.png\" \/>\n\t<meta property=\"og:image:width\" content=\"175\" \/>\n\t<meta property=\"og:image:height\" content=\"77\" \/>\n\t<meta property=\"og:image:type\" content=\"image\/png\" \/>\n<meta name=\"twitter:card\" content=\"summary_large_image\" \/>\n<meta name=\"twitter:site\" content=\"@valormais\" \/>\n<meta name=\"twitter:label1\" content=\"Est. tempo de leitura\" \/>\n\t<meta name=\"twitter:data1\" content=\"2 minutos\" \/>\n<script type=\"application\/ld+json\" class=\"yoast-schema-graph\">{\"@context\":\"https:\\\/\\\/schema.org\",\"@graph\":[{\"@type\":\"WebPage\",\"@id\":\"https:\\\/\\\/www.valormais.com.br\\\/blog\\\/\",\"url\":\"https:\\\/\\\/www.valormais.com.br\\\/blog\\\/\",\"name\":\"Cria\u00e7\u00e3o de Sites e Solu\u00e7\u00f5es Online para sua Empresa\",\"isPartOf\":{\"@id\":\"https:\\\/\\\/www.valormais.com.br\\\/blog\\\/#website\"},\"datePublished\":\"2013-10-11T16:31:46+00:00\",\"dateModified\":\"2025-11-17T18:15:16+00:00\",\"description\":\"Cria\u00e7\u00e3o de Sites e Solu\u00e7\u00f5es Online para sua Empresa. Crie seu site e mantenha sua empresa conectada solu\u00e7\u00e3o j\u00e1 utilizada por muitos especialistas do mercado\",\"breadcrumb\":{\"@id\":\"https:\\\/\\\/www.valormais.com.br\\\/blog\\\/#breadcrumb\"},\"inLanguage\":\"pt-BR\",\"potentialAction\":[{\"@type\":\"ReadAction\",\"target\":[\"https:\\\/\\\/www.valormais.com.br\\\/blog\\\/\"]}]},{\"@type\":\"BreadcrumbList\",\"@id\":\"https:\\\/\\\/www.valormais.com.br\\\/blog\\\/#breadcrumb\",\"itemListElement\":[{\"@type\":\"ListItem\",\"position\":1,\"name\":\"In\u00edcio\",\"item\":\"https:\\\/\\\/www.valormais.com.br\\\/blog\\\/\"},{\"@type\":\"ListItem\",\"position\":2,\"name\":\"Home\"}]},{\"@type\":\"WebSite\",\"@id\":\"https:\\\/\\\/www.valormais.com.br\\\/blog\\\/#website\",\"url\":\"https:\\\/\\\/www.valormais.com.br\\\/blog\\\/\",\"name\":\"VALORMAIS\",\"description\":\"Solu\u00e7\u00f5es Digitais Inovadoras\",\"potentialAction\":[{\"@type\":\"SearchAction\",\"target\":{\"@type\":\"EntryPoint\",\"urlTemplate\":\"https:\\\/\\\/www.valormais.com.br\\\/blog\\\/?s={search_term_string}\"},\"query-input\":{\"@type\":\"PropertyValueSpecification\",\"valueRequired\":true,\"valueName\":\"search_term_string\"}}],\"inLanguage\":\"pt-BR\"}]}<\/script>\n<!-- \/ Yoast SEO Premium plugin. -->","yoast_head_json":{"title":"Cria\u00e7\u00e3o de Sites e Solu\u00e7\u00f5es Online para sua Empresa","description":"Cria\u00e7\u00e3o de Sites e Solu\u00e7\u00f5es Online para sua Empresa. Crie seu site e mantenha sua empresa conectada solu\u00e7\u00e3o j\u00e1 utilizada por muitos especialistas do mercado","robots":{"index":"index","follow":"follow","max-snippet":"max-snippet:-1","max-image-preview":"max-image-preview:large","max-video-preview":"max-video-preview:-1"},"canonical":"https:\/\/www.valormais.com.br\/blog\/","og_locale":"pt_BR","og_type":"article","og_title":"Home","og_description":"Cria\u00e7\u00e3o de Sites e Solu\u00e7\u00f5es Online para sua Empresa. Crie seu site e mantenha sua empresa conectada solu\u00e7\u00e3o j\u00e1 utilizada por muitos especialistas do mercado","og_url":"https:\/\/www.valormais.com.br\/blog\/","og_site_name":"VALORMAIS","article_publisher":"https:\/\/www.facebook.com\/ValorMais","article_modified_time":"2025-11-17T18:15:16+00:00","og_image":[{"width":175,"height":77,"url":"https:\/\/www.valormais.com.br\/blog\/wp-content\/uploads\/2013\/10\/logo.png","type":"image\/png"}],"twitter_card":"summary_large_image","twitter_site":"@valormais","twitter_misc":{"Est. tempo de leitura":"2 minutos"},"schema":{"@context":"https:\/\/schema.org","@graph":[{"@type":"WebPage","@id":"https:\/\/www.valormais.com.br\/blog\/","url":"https:\/\/www.valormais.com.br\/blog\/","name":"Cria\u00e7\u00e3o de Sites e Solu\u00e7\u00f5es Online para sua Empresa","isPartOf":{"@id":"https:\/\/www.valormais.com.br\/blog\/#website"},"datePublished":"2013-10-11T16:31:46+00:00","dateModified":"2025-11-17T18:15:16+00:00","description":"Cria\u00e7\u00e3o de Sites e Solu\u00e7\u00f5es Online para sua Empresa. Crie seu site e mantenha sua empresa conectada solu\u00e7\u00e3o j\u00e1 utilizada por muitos especialistas do mercado","breadcrumb":{"@id":"https:\/\/www.valormais.com.br\/blog\/#breadcrumb"},"inLanguage":"pt-BR","potentialAction":[{"@type":"ReadAction","target":["https:\/\/www.valormais.com.br\/blog\/"]}]},{"@type":"BreadcrumbList","@id":"https:\/\/www.valormais.com.br\/blog\/#breadcrumb","itemListElement":[{"@type":"ListItem","position":1,"name":"In\u00edcio","item":"https:\/\/www.valormais.com.br\/blog\/"},{"@type":"ListItem","position":2,"name":"Home"}]},{"@type":"WebSite","@id":"https:\/\/www.valormais.com.br\/blog\/#website","url":"https:\/\/www.valormais.com.br\/blog\/","name":"VALORMAIS","description":"Solu\u00e7\u00f5es Digitais Inovadoras","potentialAction":[{"@type":"SearchAction","target":{"@type":"EntryPoint","urlTemplate":"https:\/\/www.valormais.com.br\/blog\/?s={search_term_string}"},"query-input":{"@type":"PropertyValueSpecification","valueRequired":true,"valueName":"search_term_string"}}],"inLanguage":"pt-BR"}]}},"_links":{"self":[{"href":"https:\/\/www.valormais.com.br\/blog\/wp-json\/wp\/v2\/pages\/2","targetHints":{"allow":["GET"]}}],"collection":[{"href":"https:\/\/www.valormais.com.br\/blog\/wp-json\/wp\/v2\/pages"}],"about":[{"href":"https:\/\/www.valormais.com.br\/blog\/wp-json\/wp\/v2\/types\/page"}],"author":[{"embeddable":true,"href":"https:\/\/www.valormais.com.br\/blog\/wp-json\/wp\/v2\/users\/1"}],"replies":[{"embeddable":true,"href":"https:\/\/www.valormais.com.br\/blog\/wp-json\/wp\/v2\/comments?post=2"}],"version-history":[{"count":0,"href":"https:\/\/www.valormais.com.br\/blog\/wp-json\/wp\/v2\/pages\/2\/revisions"}],"wp:attachment":[{"href":"https:\/\/www.valormais.com.br\/blog\/wp-json\/wp\/v2\/media?parent=2"}],"curies":[{"name":"wp","href":"https:\/\/api.w.org\/{rel}","templated":true}]}}